Nov 30 21:46:22.772 INFO testing villasv/snd against master#8940af3cea4a9a9deabcaf843b2f8cad9a83fc61 for beta-1.31-5
Nov 30 21:46:22.774 INFO running `"docker" "create" "-v" "/mnt/big/crater/work/local/target-dirs/beta-1.31-5/worker-5/master#8940af3cea4a9a9deabcaf843b2f8cad9a83fc61:/target:rw,Z" "-v" "/mnt/big/crater/work/local/test-source/worker-5/beta-1.31-5/master#8940af3cea4a9a9deabcaf843b2f8cad9a83fc61:/source:ro,Z" "-v" "/mnt/big/crater/work/local/cargo-home:/cargo-home:ro,Z" "-v" "/mnt/big/crater/work/local/rustup-home:/rustup-home:ro,Z" "-e" "USER_ID=1000" "-e" "SOURCE_DIR=/source" "-e" "USER_ID=1000" "-e" "CMD=cargo +8940af3cea4a9a9deabcaf843b2f8cad9a83fc61-alt build --frozen" "-e" "CARGO_TARGET_DIR=/target" "-e" "CARGO_INCREMENTAL=0" "-e" "RUST_BACKTRACE=full" "-e" "RUSTFLAGS=--cap-lints=warn" "-e" "CARGO_HOME=/cargo-home" "-e" "RUSTUP_HOME=/rustup-home" "-m" "1536M" "--network" "none" "crater"`
Nov 30 21:46:23.303 INFO [stdout] 6b1c461d869c43d4640bacfe02a5a0f2f11c8803fe80abe89d11eeaeb242ef3a
Nov 30 21:46:23.306 INFO running `"docker" "start" "-a" "6b1c461d869c43d4640bacfe02a5a0f2f11c8803fe80abe89d11eeaeb242ef3a"`
Nov 30 21:46:24.342 INFO [stderr] usermod: no changes
Nov 30 21:46:24.391 INFO [stderr]    Compiling esherm v0.1.0 (/source)
Nov 30 21:46:24.675 INFO [stderr] error: cannot find macro `return_or_report!` in this scope
Nov 30 21:46:24.675 INFO [stderr]   --> src/server.rs:73:32
Nov 30 21:46:24.675 INFO [stderr]    |
Nov 30 21:46:24.675 INFO [stderr] 73 |                     let data = return_or_report!(res_buffer.get_range(0, len), "Failed to get buffer data");
Nov 30 21:46:24.675 INFO [stderr]    |                                ^^^^^^^^^^^^^^^^
Nov 30 21:46:24.675 INFO [stderr] 
Nov 30 21:46:24.675 INFO [stderr] error: cannot find macro `ignore_or_report!` in this scope
Nov 30 21:46:24.675 INFO [stderr]   --> src/server.rs:74:21
Nov 30 21:46:24.675 INFO [stderr]    |
Nov 30 21:46:24.675 INFO [stderr] 74 |                     ignore_or_report!(socket_clone.send_to(data, src), "Failed to send response packet");
Nov 30 21:46:24.675 INFO [stderr]    |                     ^^^^^^^^^^^^^^^^
Nov 30 21:46:24.675 INFO [stderr] 
Nov 30 21:46:24.675 INFO [stderr] error[E0433]: failed to resolve: use of undeclared type or module `DnsRecord`
Nov 30 21:46:24.675 INFO [stderr]   --> src/server.rs:59:32
Nov 30 21:46:24.675 INFO [stderr]    |
Nov 30 21:46:24.675 INFO [stderr] 59 |                         if let DnsRecord::OPT { packet_len, .. } = request.resources[0] {
Nov 30 21:46:24.675 INFO [stderr]    |                                ^^^^^^^^^ use of undeclared type or module `DnsRecord`
Nov 30 21:46:24.675 INFO [stderr] 
Nov 30 21:46:24.675 INFO [stderr] error[E0433]: failed to resolve: use of undeclared type or module `VectorPacketBuffer`
Nov 30 21:46:24.675 INFO [stderr]   --> src/server.rs:66:42
Nov 30 21:46:24.675 INFO [stderr]    |
Nov 30 21:46:24.675 INFO [stderr] 66 |                     let mut res_buffer = VectorPacketBuffer::new();
Nov 30 21:46:24.675 INFO [stderr]    |                                          ^^^^^^^^^^^^^^^^^^ use of undeclared type or module `VectorPacketBuffer`
Nov 30 21:46:24.675 INFO [stderr] 
Nov 30 21:46:24.675 INFO [stderr] error[E0433]: failed to resolve: use of undeclared type or module `Ordering`
Nov 30 21:46:24.675 INFO [stderr]   --> src/server.rs:82:78
Nov 30 21:46:24.675 INFO [stderr]    |
Nov 30 21:46:24.675 INFO [stderr] 82 |                 let _ = self.context.statistics.udp_query_count.fetch_add(1, Ordering::Release);
Nov 30 21:46:24.675 INFO [stderr]    |                                                                              ^^^^^^^^ use of undeclared type or module `Ordering`
Nov 30 21:46:24.675 INFO [stderr] 
Nov 30 21:46:24.675 INFO [stderr] error[E0433]: failed to resolve: use of undeclared type or module `BytePacketBuffer`
Nov 30 21:46:24.675 INFO [stderr]   --> src/server.rs:85:38
Nov 30 21:46:24.675 INFO [stderr]    |
Nov 30 21:46:24.675 INFO [stderr] 85 |                 let mut req_buffer = BytePacketBuffer::new();
Nov 30 21:46:24.675 INFO [stderr]    |                                      ^^^^^^^^^^^^^^^^ use of undeclared type or module `BytePacketBuffer`
Nov 30 21:46:24.675 INFO [stderr] 
Nov 30 21:46:24.675 INFO [stderr] error[E0433]: failed to resolve: use of undeclared type or module `DnsPacket`
Nov 30 21:46:24.675 INFO [stderr]   --> src/server.rs:95:37
Nov 30 21:46:24.675 INFO [stderr]    |
Nov 30 21:46:24.675 INFO [stderr] 95 |                 let request = match DnsPacket::from_buffer(&mut req_buffer) {
Nov 30 21:46:24.675 INFO [stderr]    |                                     ^^^^^^^^^ use of undeclared type or module `DnsPacket`
Nov 30 21:46:24.675 INFO [stderr] 
Nov 30 21:46:24.675 INFO [stderr] error[E0412]: cannot find type `ServerContext` in this scope
Nov 30 21:46:24.675 INFO [stderr]   --> src/server.rs:13:18
Nov 30 21:46:24.675 INFO [stderr]    |
Nov 30 21:46:24.675 INFO [stderr] 13 |     context: Arc<ServerContext>,
Nov 30 21:46:24.675 INFO [stderr]    |                  ^^^^^^^^^^^^^ not found in this scope
Nov 30 21:46:24.675 INFO [stderr] 
Nov 30 21:46:24.675 INFO [stderr] error[E0412]: cannot find type `DnsPacket` in this scope
Nov 30 21:46:24.675 INFO [stderr]   --> src/server.rs:14:52
Nov 30 21:46:24.676 INFO [stderr]    |
Nov 30 21:46:24.676 INFO [stderr] 14 |     request_queue: Arc<Mutex<VecDeque<(SocketAddr, DnsPacket)>>>,
Nov 30 21:46:24.676 INFO [stderr]    |                                                    ^^^^^^^^^ not found in this scope
Nov 30 21:46:24.676 INFO [stderr] 
Nov 30 21:46:24.676 INFO [stderr] error[E0425]: cannot find function `execute_query` in this scope
Nov 30 21:46:24.676 INFO [stderr]   --> src/server.rs:68:38
Nov 30 21:46:24.676 INFO [stderr]    |
Nov 30 21:46:24.676 INFO [stderr] 68 |                     let mut packet = execute_query(context.clone(), &request);
Nov 30 21:46:24.676 INFO [stderr]    |                                      ^^^^^^^^^^^^^ not found in this scope
Nov 30 21:46:24.676 INFO [stderr] 
Nov 30 21:46:24.679 INFO [stderr] error: aborting due to 10 previous errors
Nov 30 21:46:24.679 INFO [stderr] 
Nov 30 21:46:24.679 INFO [stderr] Some errors occurred: E0412, E0425, E0433.
Nov 30 21:46:24.679 INFO [stderr] For more information about an error, try `rustc --explain E0412`.
Nov 30 21:46:24.687 INFO [stderr] error: Could not compile `esherm`.
Nov 30 21:46:24.687 INFO [stderr] 
Nov 30 21:46:24.687 INFO [stderr] To learn more, run the command again with --verbose.
Nov 30 21:46:24.695 INFO [stderr] su: No module specific data is present
Nov 30 21:46:25.282 INFO running `"docker" "inspect" "6b1c461d869c43d4640bacfe02a5a0f2f11c8803fe80abe89d11eeaeb242ef3a"`
Nov 30 21:46:25.635 INFO running `"docker" "rm" "-f" "6b1c461d869c43d4640bacfe02a5a0f2f11c8803fe80abe89d11eeaeb242ef3a"`
Nov 30 21:46:25.875 INFO [stdout] 6b1c461d869c43d4640bacfe02a5a0f2f11c8803fe80abe89d11eeaeb242ef3a
